{"id":165,"date":"2016-05-11T14:36:39","date_gmt":"2016-05-11T12:36:39","guid":{"rendered":"http:\/\/creativelycoded.com\/skyline-business\/?page_id=165"},"modified":"2022-11-22T18:03:23","modified_gmt":"2022-11-22T17:03:23","slug":"about","status":"publish","type":"page","link":"http:\/\/drkleinertz.de\/WordPress\/?page_id=165","title":{"rendered":"Behandlung"},"content":{"rendered":"<p>[vc_row padding_bottom=&#8220;0&#8243;][vc_column width=&#8220;1\/3&#8243;]<div class='single-img-wrapper text-left' style='border:none border-radius:px;'><img alt='img' style='border-radius:px;' src='http:\/\/drkleinertz.de\/WordPress\/wp-content\/uploads\/2016\/05\/DSC9024.jpg'><\/div>[\/vc_column][vc_column width=&#8220;1\/12&#8243;][\/vc_column][vc_column width=&#8220;7\/12&#8243;]  <div class=\"header-wrapper\">\r  <H1 class=\"\" style=\"text-align: text-left; color:; margin-top:50px; margin-bottom:45px; font-weight:\">Unsere Patienten<div class='special-header' style='background-color:;'><\/div><\/H1>\r<\/div>  <div class=\"header-wrapper\">\r  <H4 class=\"\" style=\"text-align: text-left; color:#888888; margin-top:px; margin-bottom:px; font-weight:300\">Gesunde, gerade Z\u00e4hne sind den wenigsten Menschen in die Wiege gelegt. Auch, wenn die Z\u00e4hne \u201eeigentlich ganz in Ordnung\u201c zu sein scheinen, kann eine kieferorthop\u00e4dische Behandlung erforderlich sein. Denn: gerade Z\u00e4hne sind wichtig \u2013 zum Kauen und Bei\u00dfen, zum Lachen und Sprechen. Eine korrekte Kaufunktion spielt bei der Vorbeugung von Karies, Parodontose, vorzeitigem Zahnverlust und Kiefergelenkserkrankungen eine entscheidende Rolle. Und auch Kiefer, die nicht richtig zusammen arbeiten, k\u00f6nnen auf Dauer gro\u00dfe Probleme, wie z.B. Spannungskopfschmerzen, verursachen. Eine falsche Kieferstellung verhindert manchmal sogar, da\u00df sich die Lippen schlie\u00dfen \u2013 die Person atmet durch den Mund, wodurch Erk\u00e4ltungs- und Rachenkrankheiten entstehen k\u00f6nnen und die Lautbildung der Sprache beeintr\u00e4chtigt sein kann. Damit ist die Kieferorthop\u00e4die und die kieferorthop\u00e4dische Behandlung nicht nur eine Frage der \u00c4sthetik sondern auch der Gesundheit.<\/H4>\r<\/div>  <div class=\"header-wrapper\">\r  <H1 class=\"\" style=\"text-align: text-left; color:; margin-top:50px; margin-bottom:45px; font-weight:\">Wann soll die Behandlung begonnen werden?<div class='special-header' style='background-color:;'><\/div><\/H1>\r<\/div>  <div class=\"header-wrapper\">\r  <H4 class=\"\" style=\"text-align: text-left; color:#888888; margin-top:px; margin-bottom:px; font-weight:300\">Wenn keine besonderen Komplikationen vorliegen, sollte eine Erstuntersuchung in der zweiten Phase des Wechselgebisses stattfinden, also dann, wenn die Milchbackenz\u00e4hne und -eckz\u00e4hne wechseln. Liegt eine offensichtliche Zahn- oder Kieferfehlstellung vor, z. B. durch langes und intensives Nuckeln, ist eine erste Untersuchung auch schon zu einem fr\u00fcheren Zeitpunkt anzuraten. Diese Fr\u00fcherkennungsuntersuchung ist f\u00fcr Versicherte gesetzlicher Kassen kostenlos. Eine kieferorthop\u00e4dische Behandlung ist aber in jedem Alter m\u00f6glich und zu unseren Patienten z\u00e4hlen nicht nur Kinder, sondern auch Erwachsene. Eine \u00dcberweisung durch den Zahnarzt ist nicht erforderlich.<\/H4>\r<\/div><div class='skyline-separator-wrapper text-center'><div class='skyline-separator' style='border: none; border-bottom:1px blank #eeeeee; width:100%; margin-top:5px; margin-bottom:5px;'><\/div><\/div><a  class=\"btn   btn-lg btn-rounded\" href=\"http:\/\/drkleinertz.de\/WordPress\/?page_id=137\" style=\"; ; ; background-color:; border-color: ; color:#ffffff\" onMouseOver=\"this.style.color=''; this.style.backgroundColor='transparent'\" onMouseOut=\"this.style.color='#ffffff'; this.style.backgroundColor=''\">Kontaktieren Sie uns <\/a>[\/vc_column][\/vc_row][vc_row][vc_column width=&#8220;1\/2&#8243;]  <div class=\"header-wrapper\">\r  <H2 class=\"\" style=\"text-align: text-left; color:; margin-top:px; margin-bottom:45px; font-weight:\">Die Behandlung<div class='special-header' style='background-color:;'><\/div><\/H2>\r<\/div>[vc_tta_accordion style=&#8220;flat&#8220; spacing=&#8220;2&#8243; gap=&#8220;4&#8243; c_icon=&#8220;chevron&#8220; c_position=&#8220;right&#8220; active_section=&#8220;1463057894007-9896c702-4f98&#8243; no_fill=&#8220;true&#8220; collapsible_all=&#8220;true&#8220;][vc_tta_section i_icon_fontawesome=&#8220;fa fa-pencil&#8220; title=&#8220; 1. Anfangsdiagnostik und Behandlungsplan&#8220; tab_id=&#8220;1463057894007-9896c702-4f98&#8243; add_icon=&#8220;true&#8220;][vc_column_text]<\/p>\n<div class=\"column\">\n<p>Bei einem ersten Termin wird gepr\u00fcft, ob eine kieferorthop\u00e4dische Behandlung sinnvoll ist und zu welchem Zeitpunkt sie begonnen werden sollte. Gemeinsam mit dem Patienten und gegebenenfalls den Patienteneltern, wird ein m\u00f6glicher Therapieablauf und Therapieziele besprochen. Zumeist k\u00f6n- nen dabei auch Fragen zu der Kostenerstattung durch die Krankenkasse oder die private Versicherung indikativ beantwortet werden.<\/p>\n<p>Wird eine Behandlung als notwendig erachtet, wird eine Anfangsdiagnostik erstellt. Dazu wird ein Abdruck gemacht mit Hilfe dessen wir ein Gipsmodell des Kiefers und der Z\u00e4hne anfertigen. Um ein vollst\u00e4ndiges Bild davon zu erhalten, wie Z\u00e4hne und Kiefer im Moment zueinander stehen, und zuk\u00fcnftige Entwicklungen absch\u00e4tzen zu k\u00f6nnen, werden R\u00f6ntgenbilder erstellt und Fotos von Gesicht und Z\u00e4hnen gemacht. Hierbei setzen wir ein modernes, digitales R\u00f6ntgenger\u00e4t ein, welches die Strahlenbelastung minimiert und umfangreiche Analysem\u00f6glichkeiten bietet.<\/p>\n<p>Auf Basis der Anfangsdiagnostik wird ein Behandlungsplan verfa\u00dft, der Therapieablauf und \u2013ziel darstellt.<\/p>\n<\/div>\n<p>[\/vc_column_text][\/vc_tta_section][vc_tta_section i_icon_fontawesome=&#8220;fa fa-link&#8220; title=&#8220;2. Behandlung mit herausnehmbaren Apparaturen&#8220; tab_id=&#8220;1463057894063-984b2d39-4bd0&#8243; add_icon=&#8220;true&#8220;][vc_column_text]<\/p>\n<div class=\"column\">\n<p>Welche Art der Behandlung in Frage kommt, kann nur fallweise und unter Ber\u00fccksichtigung der pers\u00f6nlichen Umst\u00e4nde des Patienten entschieden werden.<\/p>\n<p>Ob feste oder lose \u2013 wir besprechen ausf\u00fchrlich mit unseren Patienten und Patienteneltern, wie die jeweilige Spange wirkt, was sie ver\u00e4ndern wird und wie der Patient t\u00e4glich damit umgehen kann.<\/p>\n<p>Die Behandlung mit herausnehmbaren Ger\u00e4ten \u2013 also mit einer \u201elosen Spange\u201c \u2013 bietet sich bei einigen leichten F\u00e4llen und bei Funktionsproblemen an, z.B. bei \u00dcberbi\u00df oder&nbsp;zur Kiefererweiterung. Sie k\u00f6nnen aber auch in Vorbereitung einer Behandlung mit fester Spange zum Einsatz kommen.<\/p>\n<p>Die Behandlung mit herausnehmbaren Ger\u00e4ten erfordert ein hohes Ma\u00df an Disziplin und eine sehr enge Zusammenarbeit zwischen Eltern, Kindern und Kieferorthop\u00e4den. Die Spange mu\u00df so oft wie m\u00f6glich getragen werden: nachts immer, tags\u00fcber immer wieder.<\/p>\n<\/div>\n<p>[\/vc_column_text][\/vc_tta_section][vc_tta_section i_icon_fontawesome=&#8220;fa fa-cogs&#8220; title=&#8220;3. Behandlung mit festsitzenden Apparaturen&#8220; tab_id=&#8220;1463057966235-acbfe1f8-07f6&#8243; add_icon=&#8220;true&#8220;][vc_column_text]<\/p>\n<p class=\"paragraph_style\">Bei umfangreichen Korrekturen kommen \u201efeste Spangen\u201c, sogenannte Multiband-Bracket-Apparaturen, zum Einsatz. Mit ihnen k\u00f6nnen Z\u00e4hne mit ihren Wurzeln bewegt werden. So k\u00f6nnen auch ausgepr\u00e4gte Fehlstellungen korrigiert werden.<\/p>\n<p class=\"paragraph_style_1\">Dazu werden Brackets auf die Z\u00e4hne geklebt und teilweise Metallb\u00e4nder an den hinteren Backenz\u00e4hnen angebracht. Ein Drahtbogen verbindet die Brackets und B\u00e4nder und zieht oder dreht die Z\u00e4hne sanft in die richtige Position.<\/p>\n<p class=\"paragraph_style_1\">Innovative Behandlungsmethoden in Verbindung mit High-Tech-Materialien erm\u00f6glichen uns heute, in k\u00fcrzerer Zeit zum gew\u00fcnschten Ziel zu kommen und auch kosmetische bzw. \u00e4sthetische Anforderungen zu ber\u00fccksichtigen. Neben herk\u00f6mmlichen Brackets k\u00f6nnen so Brackets aus Keramik, selbstligierende Brackets und Mini-Brackets zum Einsatz kommen. Moderne B\u00f6gen aus Nickel-Titanium f\u00fchren zu einer schonenden und effizienten&nbsp;<span class=\"style\">Kraftentwicklung<\/span>&nbsp;und \u2013\u00fcbertragung.<\/p>\n<p class=\"paragraph_style_2\">Allerdings mu\u00df sich der Patient auch dar\u00fcber im Klaren sein, da\u00df eine feste Spange eine sehr konsequente und disziplinierte Zahnpflege erfordert. Speisereste k\u00f6nnen leicht zwischen Brackets und Dr\u00e4hten h\u00e4ngen bleiben und Zahnbelag kann sich dort vermehrt bilden.<\/p>\n<p>[\/vc_column_text][\/vc_tta_section][vc_tta_section i_icon_fontawesome=&#8220;fa fa-ellipsis-h&#8220; title=&#8220;3.1 Keramik-Brackets&#8220; tab_id=&#8220;1463057969855-8e0c4aa9-d304&#8243; add_icon=&#8220;true&#8220;][vc_column_text]\u00c4sthetischer als die herk\u00f6mmlichen Brackets sind die weiss-transparenten Keramik-Brackets. Dank der glatten Oberfl\u00e4che ist der Tragekomfort etwas h\u00f6her. Keramik-Brackets der neuen Generation zeigen eine noch h\u00f6here Transparenz und verf\u00e4rben sich kaum.[\/vc_column_text][\/vc_tta_section][vc_tta_section i_icon_fontawesome=&#8220;fa fa-ellipsis-h&#8220; title=&#8220;3.2 Selbstligierende Brackets&#8220; tab_id=&#8220;1483298101512-9264a1a4-b9cb&#8220; add_icon=&#8220;true&#8220;][vc_column_text]<\/p>\n<p class=\"paragraph_style\">Bei selbstligierenden Brackets wird der Bogen durch Clips gehalten. Das bedeutet, da\u00df die B\u00f6gen ohne die auff\u00e4lligen Gummis halten und etwas kleiner sein k\u00f6nnen. Das kommt der \u00c4sthetik zu Gute. Durch reduzierte Reibung k\u00f6nnen die angelegten Kr\u00e4fte zudem niedriger sein. Selbstligierende Brackets machen die Behandlung somit schonender und effizienter. Die Behandlungsdauer kann sich dadurch leicht verk\u00fcrzen.<\/p>\n<p class=\"paragraph_style_2\">Mittlerweile gibt es auch selbstligierende Keramik-Brackets, die die Vorteile von Keramik- und selbstligierenden Brackets vereinen.<\/p>\n<p>[\/vc_column_text][\/vc_tta_section][vc_tta_section i_icon_fontawesome=&#8220;fa fa-ellipsis-h&#8220; title=&#8220;3.2 Lingual Brackets&#8220; tab_id=&#8220;1483298195063-2ab77307-007d&#8220; add_icon=&#8220;true&#8220;][vc_column_text]Wird eine nahezu unsichtbare Apparatur gew\u00fcnscht, kann bei Erwachsenen mit geringer Fehlstellung auch mit Lingual-Brackets gearbeitet werden. Lingual-Brackets werden auf die Zahninnenseite geklebt und sind so gut verborgen. Haben die Brackets ein flaches Profil, schr\u00e4nken sie die Zunge zudem auch nur geringf\u00fcgig ein.[\/vc_column_text][\/vc_tta_section][vc_tta_section i_icon_fontawesome=&#8220;fa fa-share&#8220; title=&#8220;4. Weitere Behandlungsmethoden&#8220; tab_id=&#8220;1483298248940-4dfb784e-3d8b&#8220; add_icon=&#8220;true&#8220;][vc_column_text]<\/p>\n<p class=\"paragraph_style\">Je nach Art der Zahn- oder Kieferfehlstellung k\u00f6nnen weitere funktionskieferorthop\u00e4dische Ger\u00e4te verwendet werden. Beispiele daf\u00fcr sind Pendulum, Klasse II Apparaturen und Mini-Implantate.<br \/>\nDas Pendulum kann eingesetzt werden, um eine Molarendistalisation zu erreichen. Durch eine Klasse II Apparatur wird der Unterkiefer in einer therapeutischen Vorbi\u00dfstellung gehalten. Zu den Klasse II Apparaturen z\u00e4hlen das Herbstscharnier, Forsus und Sabbagh Universal Spring (Abbildung: SUS von Dentaurum).<\/p>\n<p class=\"paragraph_style\">Wie so oft, so sind auch mit diesen Behandlungsmethoden Vor- und Nachteile verbunden, die im Einzelfall abgewogen werden m\u00fcssen.<\/p>\n<p>[\/vc_column_text][\/vc_tta_section][vc_tta_section i_icon_fontawesome=&#8220;fa fa-calendar&#8220; title=&#8220;5. Kontrolltermine&#8220; tab_id=&#8220;1483298346556-77c49ebe-f1f1&#8243; add_icon=&#8220;true&#8220;][vc_column_text]Ob eine Therapie mit herausnehmbarer oder fester Apparatur erfolgt, in jedem Fall ist eine regelm\u00e4\u00dfige Kontrolle in der Praxis n\u00f6tig. Dabei wird der Fortschritt \u00fcberpr\u00fcft und die Spange an den Behandlungsverlauf angepa\u00dft.[\/vc_column_text][\/vc_tta_section][vc_tta_section i_icon_fontawesome=&#8220;fa fa-check-square&#8220; title=&#8220;6. Retentionsphase&#8220; tab_id=&#8220;1483298424253-05588441-b1e9&#8243; add_icon=&#8220;true&#8220;][vc_column_text]Z\u00e4hne bewegen sich \u2013 auch nach ihrer Korrektur: Je umfangreicher die Zahnbewegungen waren, desto mehr neigen sie dazu, in ihre alte Position zur\u00fcckzuwandern. An die aktive kieferorthop\u00e4dische Therapie mu\u00df sich daher eine Phase der Stabilisierung \u2013 die so genannte Retention \u2013 anschlie\u00dfen. In dieser Phase soll sich das Gebi\u00df so weit festigen, da\u00df ein R\u00fcckfall in die alte Position aufgehalten wird.<\/p>\n<p>Dazu finden herausnehmbare oder festsitzende Ger\u00e4te (Retainer) Anwendung. Der Vorteil festsitzender Retainer: Sie sind nicht sichtbar auf der Zungenseite bzw. Gaumenseite angebracht, leicht zu pflegen, sie erf\u00fcllen \u00e4sthetische Anspr\u00fcche und sind f\u00fcr eine Retention \u00fcber viele Jahre geeignet.[\/vc_column_text][\/vc_tta_section][vc_tta_section i_icon_fontawesome=&#8220;fa fa-eur&#8220; title=&#8220;7. Kostenerstattung&#8220; tab_id=&#8220;1483298529624-340fc20c-3177&#8243; add_icon=&#8220;true&#8220;][vc_column_text]<\/p>\n<p class=\"paragraph_style\">Der gesetzlich versicherte Patient hat, auf Grund der bestehenden Vertr\u00e4ge, Anspruch auf eine \u201enotwendige, ausreichende und wirtschaftliche\u201c kieferorthop\u00e4dische Versorgung im Rahmen der vertragszahn\u00e4rztlichen Versorgung (\u00a712 SGB V). Dies zumindest wenn die Fehlstellung Grad 3 einer 5-stufigen Skala erreicht und der Patient zu Beginn der Behandlung noch nicht 18 Jahre ist (\u201eKIG\u201c).<\/p>\n<p class=\"paragraph_style\">Grunds\u00e4tzlich versuchen wir daher, dem Patienten eine Behandlung anzubieten, die so weit wie m\u00f6glich durch die Krankenkasse abgedeckt ist.<\/p>\n<p class=\"paragraph_style\">Dennoch sind heute Leistungen verf\u00fcgbar, die oft eine effektivere, schonendere und schnellere Behandlung erm\u00f6glichen. Trotzdem d\u00fcrfen deren Kosten von den gesetzlichen Kassen nicht \u00fcbernommen werden. Wir k\u00f6nnen diese Behandlungsmittel jedoch als Wahl\/Wunschleistungen auch Mitgliedern einer gesetzlichen Krankenkasse anbieten. Gerne erkl\u00e4ren wir dazu die verschiedenen Alternativen, die Vor- und Nachteile und die vom Patienten zu tragenden Kosten.<\/p>\n<p>[\/vc_column_text][\/vc_tta_section][\/vc_tta_accordion][\/vc_column][vc_column width=&#8220;1\/12&#8243;][\/vc_column][vc_column width=&#8220;5\/12&#8243;]<div class=\"owl-wrapper-rel\">\r<div id=\"owl-slider-321557614\" class=\"owl-carousel\">\r<div class='img-wrapper img-gallery-view'><a href='http:\/\/drkleinertz.de\/WordPress\/wp-content\/uploads\/2016\/05\/R\u00f6bild.jpg' data-lightbox='gallery-name' data-title='R\u00f6bild'><div class='img-gallery' style='background-image: url(http:\/\/drkleinertz.de\/WordPress\/wp-content\/uploads\/2016\/05\/R\u00f6bild.jpg); height: 250px;'><div class='hover-effect'><i class='feather-maximize'><\/i><\/div><\/div><\/a><\/div><div class='img-wrapper img-gallery-view'><a href='http:\/\/drkleinertz.de\/WordPress\/wp-content\/uploads\/2016\/05\/DSC_0008-6.jpg' data-lightbox='gallery-name' data-title='DSC_0008 (6)'><div class='img-gallery' style='background-image: url(http:\/\/drkleinertz.de\/WordPress\/wp-content\/uploads\/2016\/05\/DSC_0008-6.jpg); height: 250px;'><div class='hover-effect'><i class='feather-maximize'><\/i><\/div><\/div><\/a><\/div><div class='img-wrapper img-gallery-view'><a href='http:\/\/drkleinertz.de\/WordPress\/wp-content\/uploads\/2016\/05\/Brackets-mit-cr.jpg' data-lightbox='gallery-name' data-title='Brackets mit cr'><div class='img-gallery' style='background-image: url(http:\/\/drkleinertz.de\/WordPress\/wp-content\/uploads\/2016\/05\/Brackets-mit-cr.jpg); height: 250px;'><div class='hover-effect'><i class='feather-maximize'><\/i><\/div><\/div><\/a><\/div><div class='img-wrapper img-gallery-view'><a href='http:\/\/drkleinertz.de\/WordPress\/wp-content\/uploads\/2016\/05\/Forestadent-Lingual-2D-CR.jpg' data-lightbox='gallery-name' data-title='Forestadent Lingual 2D CR'><div class='img-gallery' style='background-image: url(http:\/\/drkleinertz.de\/WordPress\/wp-content\/uploads\/2016\/05\/Forestadent-Lingual-2D-CR.jpg); height: 250px;'><div class='hover-effect'><i class='feather-maximize'><\/i><\/div><\/div><\/a><\/div><div class='img-wrapper img-gallery-view'><a href='http:\/\/drkleinertz.de\/WordPress\/wp-content\/uploads\/2016\/05\/SUS-CR.jpg' data-lightbox='gallery-name' data-title='SUS CR'><div class='img-gallery' style='background-image: url(http:\/\/drkleinertz.de\/WordPress\/wp-content\/uploads\/2016\/05\/SUS-CR.jpg); height: 250px;'><div class='hover-effect'><i class='feather-maximize'><\/i><\/div><\/div><\/a><\/div><\/div>\r<div class=\"owl-nav \">\r  <a class=\"owl prev\"><i class=\"fa-angle-left\"><\/i><\/a>\r  <a class=\"owl next\"><i class=\"fa-angle-right\"><\/i><\/a>\r<\/div>\r<\/div>\r<script type=\"text\/javascript\">\r      (function($) { \"use strict\";\r\t  $(document).ready(function() {\r     var owl = $(\"#owl-slider-321557614\");\r    owl.owlCarousel({\ritems: 1,\ritemsScaleUp: true,\rautoPlay: 3000,\rstopOnHover: true\r});\r \/\/ Custom Navigation Events\r  $(\".next\").click(function(){\r    owl.trigger('owl.next');\r  })\r  $(\".prev\").click(function(){\r    owl.trigger('owl.prev');\r  })\r});\r  })(jQuery);\r<\/script>\t[\/vc_column][\/vc_row]<\/p>\n","protected":false},"excerpt":{"rendered":"<p>[vc_row padding_bottom=&#8220;0&#8243;][vc_column width=&#8220;1\/3&#8243;][\/vc_column][vc_column width=&#8220;1\/12&#8243;][\/vc_column][vc_column width=&#8220;7\/12&#8243;][\/vc_column][\/vc_row][vc_row][vc_column width=&#8220;1\/2&#8243;][vc_tta_accordion style=&#8220;flat&#8220; spacing=&#8220;2&#8243; gap=&#8220;4&#8243; c_icon=&#8220;chevron&#8220; c_position=&#8220;right&#8220; active_section=&#8220;1463057894007-9896c702-4f98&#8243; no_fill=&#8220;true&#8220; collapsible_all=&#8220;true&#8220;][vc_tta_section i_icon_fontawesome=&#8220;fa fa-pencil&#8220; title=&#8220; 1. Anfangsdiagnostik und Behandlungsplan&#8220; tab_id=&#8220;1463057894007-9896c702-4f98&#8243; add_icon=&#8220;true&#8220;][vc_column_text] Bei einem ersten Termin wird gepr\u00fcft, ob eine kieferorthop\u00e4dische Behandlung sinnvoll ist und zu welchem Zeitpunkt sie begonnen werden sollte. Gemeinsam mit dem Patienten und gegebenenfalls den Patienteneltern, wird ein m\u00f6glicher Therapieablauf [&hellip;]<\/p>\n","protected":false},"author":1,"featured_media":476,"parent":0,"menu_order":0,"comment_status":"closed","ping_status":"closed","template":"","meta":[],"_links":{"self":[{"href":"http:\/\/drkleinertz.de\/WordPress\/index.php?rest_route=\/wp\/v2\/pages\/165"}],"collection":[{"href":"http:\/\/drkleinertz.de\/WordPress\/index.php?rest_route=\/wp\/v2\/pages"}],"about":[{"href":"http:\/\/drkleinertz.de\/WordPress\/index.php?rest_route=\/wp\/v2\/types\/page"}],"author":[{"embeddable":true,"href":"http:\/\/drkleinertz.de\/WordPress\/index.php?rest_route=\/wp\/v2\/users\/1"}],"replies":[{"embeddable":true,"href":"http:\/\/drkleinertz.de\/WordPress\/index.php?rest_route=%2Fwp%2Fv2%2Fcomments&post=165"}],"version-history":[{"count":19,"href":"http:\/\/drkleinertz.de\/WordPress\/index.php?rest_route=\/wp\/v2\/pages\/165\/revisions"}],"predecessor-version":[{"id":605,"href":"http:\/\/drkleinertz.de\/WordPress\/index.php?rest_route=\/wp\/v2\/pages\/165\/revisions\/605"}],"wp:featuredmedia":[{"embeddable":true,"href":"http:\/\/drkleinertz.de\/WordPress\/index.php?rest_route=\/wp\/v2\/media\/476"}],"wp:attachment":[{"href":"http:\/\/drkleinertz.de\/WordPress\/index.php?rest_route=%2Fwp%2Fv2%2Fmedia&parent=165"}],"curies":[{"name":"wp","href":"https:\/\/api.w.org\/{rel}","templated":true}]}}